{"id":965,"date":"2022-02-06T14:56:29","date_gmt":"2022-02-06T12:56:29","guid":{"rendered":"https:\/\/transition.neel.cnrs.fr\/?page_id=965"},"modified":"2022-02-28T02:48:51","modified_gmt":"2022-02-28T00:48:51","slug":"demande-dengagement-a-la-future-direction-du-laboratoire","status":"publish","type":"page","link":"https:\/\/transition.neel.cnrs.fr\/index.php\/demande-dengagement-a-la-future-direction-du-laboratoire\/","title":{"rendered":"Demande d&rsquo;\u00e9laboration d&rsquo;un plan de d\u00e9carbonation pour le laboratoire"},"content":{"rendered":"\n<p>En 2019, une demande a \u00e9t\u00e9 transmise \u00e0 la future direction de l&rsquo;Institut N\u00e9el d&rsquo;\u00e9laborer un plan de d\u00e9carbonation du laboratoire permettant de r\u00e9duire de -10% par an nos \u00e9missions de gaz \u00e0 effet de serre.<\/p>\n\n\n\n<p> Cette demande s&rsquo;appuie sur une double consultation de personnels de l&rsquo;Institut N\u00e9el : l&rsquo;une par le collectif et l&rsquo;autre par le repr\u00e9sentant des non-permanents.<\/p>\n\n\n\n<p class=\"has-text-align-right\">version pdf : <a href=\"http:\/\/DemandeDirectionNeel_ReductionEmpreinteLabo_French\" data-type=\"URL\" data-id=\"DemandeDirectionNeel_ReductionEmpreinteLabo_French\">en fran\u00e7ais<\/a> et <a href=\"http:\/\/DemandeDirectionNeel_ReductionEmpreinteLabo_English\" data-type=\"URL\" data-id=\"DemandeDirectionNeel_ReductionEmpreinteLabo_English\">en anglais<\/a><\/p>\n\n\n\n<p>CI-DESSOUS LE TEXTE EN FRAN\u00c7AIS DE CET APPEL<\/p>\n\n\n\n<p class=\"has-text-align-center\"><strong>R\u00e9duction de l\u2019empreinte environnementale de l\u2019Institut N\u00e9el<\/strong><\/p>\n\n\n\n<p class=\"has-text-align-center\"><em>Grenoble, le 19 octobre 2020<\/em><\/p>\n\n\n\n<p>Depuis la fin des ann\u00e9es 1970, des sp\u00e9cialistes de l\u2019atmosph\u00e8re alertent sur l\u2019\u00e9volution du climat<a href=\"#_edn1\">[i]<\/a>. Leur message, \u00e9tay\u00e9 depuis 1990 par les rapports du GIEC, est simple. L\u2019augmentation de nos \u00e9missions de gaz \u00e0 effet de serre (GES), si elle n\u2019est pas rapidement jugul\u00e9e, aura des effets d\u00e9sastreux sur les conditions de vie sur la terre et dans les oc\u00e9ans avant la fin du si\u00e8cle<a href=\"#_edn2\">[ii]<\/a>.<\/p>\n\n\n\n<div class=\"wp-block-image\"><figure class=\"aligncenter size-medium is-resized\"><img loading=\"lazy\" src=\"https:\/\/transition.neel.cnrs.fr\/wp-content\/uploads\/2022\/02\/Appel_a_Future_Direction_fig1-300x245.jpg\" alt=\"\" class=\"wp-image-967\" width=\"300\" height=\"245\" srcset=\"https:\/\/transition.neel.cnrs.fr\/wp-content\/uploads\/2022\/02\/Appel_a_Future_Direction_fig1-300x245.jpg 300w, https:\/\/transition.neel.cnrs.fr\/wp-content\/uploads\/2022\/02\/Appel_a_Future_Direction_fig1-1024x835.jpg 1024w, https:\/\/transition.neel.cnrs.fr\/wp-content\/uploads\/2022\/02\/Appel_a_Future_Direction_fig1-768x627.jpg 768w, https:\/\/transition.neel.cnrs.fr\/wp-content\/uploads\/2022\/02\/Appel_a_Future_Direction_fig1.jpg 1216w\" sizes=\"(max-width: 300px) 100vw, 300px\" \/><figcaption>Figure 1 Evolution de la temp\u00e9rature moyenne \u00e0 la surface de la terre depuis 20 si\u00e8cles (r\u00e9f\u00e9rence: moyenne de l\u2019aire pr\u00e9-industrielle, source Wikipedia \u00ab climate change \u00bb)<\/figcaption><\/figure><\/div>\n\n\n\n<p>L\u2019<a href=\"https:\/\/earthobservatory.nasa.gov\/features\/GlobalWarming\">emballement climatique actuel<\/a> est souvent caract\u00e9ris\u00e9 par le r\u00e9chauffement moyen \u00e0 la surface de la terre (voir figure 1) mais ses manifestations sont bien plus diverses. Sous nos latitudes, il est souvent associ\u00e9 \u00e0 un renforcement en intensit\u00e9 et en fr\u00e9quence d\u2019\u00e9pisodes m\u00e9t\u00e9o extr\u00eames<a href=\"https:\/\/transition.neel.cnrs.fr\/wp-admin\/post.php?post=965&amp;action=edit#_edn3\">[iii]<\/a> (<a href=\"http:\/\/www.doi.org\/10.1126\/science.1098704\">canicule<\/a>, <a href=\"https:\/\/doi.org\/10.1073\/pnas.1920849117\">tornade<\/a>, <a href=\"https:\/\/doi.org\/10.1038\/nature09763\">inondations<\/a>, <a href=\"http:\/\/www.doi.org\/10.1038\/s41559-016-0058\">m\u00e9ga-feux<\/a>, temp\u00eate de neige&#8230;).<\/p>\n\n\n\n<p>Parmi ses cons\u00e9quences, les perturbations climatiques plan\u00e9taires sont trop rapides pour permettre \u00e0 de nombreux \u00e9cosyst\u00e8mes de s\u2019adapter<a href=\"#_edn4\">[iv]<\/a>. Au-del\u00e0 de la fragilisation des biotopes sur lesquels les \u00e9conomies humaines reposent (agriculture, foresterie, \u00e9levage, p\u00eacherie, filtration des eaux, \u2026), une telle pression climatique acc\u00e9l\u00e8re la <a href=\"https:\/\/fr.wikipedia.org\/wiki\/Extinction_de_l%27Holoc%C3%A8ne\">6<sup>\u00e8me<\/sup> extinction de masse<\/a>.<\/p>\n\n\n\n<p>Depuis le sommet de la terre de Rio (1992), la France s\u2019est engag\u00e9e \u00e0 de multiples reprises \u00e0 r\u00e9duire son empreinte climatique, dans le cadre d\u2019accord internationaux, europ\u00e9ens et de multiples lois et d\u00e9crets<a href=\"#_edn5\">[v]<\/a>. Par exemple, la Loi dite <em>\u00e9nergie-climat<\/em> du 8 novembre 2019 appelle \u00e0 la neutralit\u00e9 carbone \u00e0 l\u2019horizon 2050, soit un \u00e9quilibre entre \u00e9mission de GES d\u2019origine humaine et retrait de l\u2019atmosph\u00e8re par l\u2019homme.<\/p>\n\n\n\n<p>Malheureusement, malgr\u00e9 moultes d\u00e9clarations, la France persiste \u00e0 ne pas respecter ses propres engagements. Ainsi<a href=\"#_edn6\">[vi]<\/a>, le Haut Conseil pour le Climat, organisme public ind\u00e9pendant, note dans son rapport annuel 2020 que \u00ab&nbsp;<em>Les actions climatiques de la France ne sont pas \u00e0 la hauteur des enjeux ni des objectifs qu\u2019elle s\u2019est donn\u00e9s<\/em>&nbsp;\u00bb, renouvelant ainsi un constat s\u00e9v\u00e8re de 2018 du Conseil \u00e9conomique, social et environnemental<a href=\"#_edn7\">[vii]<\/a>.<\/p>\n\n\n\n<div class=\"wp-block-image is-style-default\"><figure class=\"aligncenter size-medium\"><img loading=\"lazy\" width=\"300\" height=\"261\" src=\"https:\/\/transition.neel.cnrs.fr\/wp-content\/uploads\/2022\/02\/Appel_a_Future_Direction_fig2-1-300x261.jpg\" alt=\"\" class=\"wp-image-972\" srcset=\"https:\/\/transition.neel.cnrs.fr\/wp-content\/uploads\/2022\/02\/Appel_a_Future_Direction_fig2-1-300x261.jpg 300w, https:\/\/transition.neel.cnrs.fr\/wp-content\/uploads\/2022\/02\/Appel_a_Future_Direction_fig2-1-1024x891.jpg 1024w, https:\/\/transition.neel.cnrs.fr\/wp-content\/uploads\/2022\/02\/Appel_a_Future_Direction_fig2-1-768x668.jpg 768w, https:\/\/transition.neel.cnrs.fr\/wp-content\/uploads\/2022\/02\/Appel_a_Future_Direction_fig2-1.jpg 1076w\" sizes=\"(max-width: 300px) 100vw, 300px\" \/><figcaption>Figure 2 Recensement des d\u00e9clarations d&rsquo;urgence climatique par des entit\u00e9s publiques en France et chez nos voisins (Source : www.cedamia.org\/ le 25\/9\/2020)<\/figcaption><\/figure><\/div>\n\n\n\n<p>A l\u2019\u00e9chelle locale, les collectivit\u00e9s et institutions, y compris dans le milieu acad\u00e9mique, montrent rarement l\u2019exemple. Par exemple, en comparaison avec la plupart de nos voisins europ\u00e9ens, peu ont d\u00e9cr\u00e9t\u00e9 \u00ab&nbsp;l\u2019urgence climatique&nbsp;\u00bb comme l\u2019illustre le recensement du collectif Cedamia (voir figure 2). Quand c\u2019est le cas, cela se limite souvent \u00e0 une politique incitative aux \u00ab&nbsp;petits gestes&nbsp;\u00bb et la publication de <em>reporting environnemental<\/em> ou <em>bilan d\u2019\u00e9missions de Gaz \u00e0 Effet de Serre<\/em>, qui sont deux approches n\u2019affectant que peu les trajectoires d\u2019\u00e9mission sans la mise en place d\u2019un plan d\u2019action<a href=\"#_edn8\">[viii]<\/a>.&nbsp;<\/p>\n\n\n\n<div class=\"wp-block-image is-style-default\"><figure class=\"aligncenter size-medium\"><img loading=\"lazy\" width=\"300\" height=\"184\" src=\"https:\/\/transition.neel.cnrs.fr\/wp-content\/uploads\/2022\/02\/Appel_a_Future_Direction_fig3-300x184.jpg\" alt=\"\" class=\"wp-image-973\" srcset=\"https:\/\/transition.neel.cnrs.fr\/wp-content\/uploads\/2022\/02\/Appel_a_Future_Direction_fig3-300x184.jpg 300w, https:\/\/transition.neel.cnrs.fr\/wp-content\/uploads\/2022\/02\/Appel_a_Future_Direction_fig3-1024x629.jpg 1024w, https:\/\/transition.neel.cnrs.fr\/wp-content\/uploads\/2022\/02\/Appel_a_Future_Direction_fig3-768x472.jpg 768w, https:\/\/transition.neel.cnrs.fr\/wp-content\/uploads\/2022\/02\/Appel_a_Future_Direction_fig3.jpg 1322w\" sizes=\"(max-width: 300px) 100vw, 300px\" \/><figcaption>Fig. 3 \u00ab Pensez-vous que l&rsquo;urgence climatique exige des changements profonds dans la pratique de nos m\u00e9tiers ? \u00bb. R\u00e9ponses brutes et provisoires \u00e0 l\u2019enqu\u00eate de Labos1point5 aupr\u00e8s d\u2019un \u00e9chantillon al\u00e9atoire de membres du milieu acad\u00e9mique fran\u00e7ais<\/figcaption><\/figure><\/div>\n\n\n\n<p><\/p>\n\n\n\n<p>Pourtant, l\u2019exp\u00e9rience r\u00e9cente de la \u00ab&nbsp;<a href=\"https:\/\/www.conventioncitoyennepourleclimat.fr\/\">convention citoyenne pour le climat&nbsp;<\/a>\u00bb montre qu\u2019un \u00e9chantillon repr\u00e9sentatif de la population, une fois inform\u00e9 de la situation, pr\u00e9conise majoritairement des <a href=\"https:\/\/sansfiltre.les150.fr\/\">mesures fortes et parfois audacieuses<\/a>. Dans le milieu acad\u00e9mique, les r\u00e9sultats pr\u00e9liminaires de deux enqu\u00eates r\u00e9centes men\u00e9es par les collectifs <a href=\"https:\/\/rogueesr.fr\/sondage-rogueesr\/\">RogueESR<\/a><a href=\"#_edn9\">[ix]<\/a> et <a href=\"https:\/\/labos1point5.org\/\">Labos1point5<\/a> (voir figure 3) r\u00e9v\u00e8lent aussi une forte demande par les personnels d\u2019une modification de nos pratiques professionnelles (respectivement 84% et 89% des r\u00e9ponses).<\/p>\n\n\n\n<p class=\"has-luminous-vivid-amber-background-color has-background\">Les membres de la future Direction du laboratoire ont connaissance de l\u2019acuit\u00e9 du d\u00e9fi climatique, de la \u00ab&nbsp;non-soutenabilit\u00e9<em>&nbsp;\u00bb<\/em> de nos pratiques et de notre responsabilit\u00e9 collective \u00e0 prendre des mesures \u00e0 la hauteur des enjeux.<\/p>\n\n\n\n<p class=\"has-luminous-vivid-amber-background-color has-background\"><strong>Nous demandons \u00e0 la future direction de r\u00e9duire les \u00e9missions de gaz \u00e0 effet de serre du laboratoire de 34 % durant son mandat 2021-2024, soit 10% de r\u00e9duction annuelle par rapport \u00e0 l\u2019ann\u00e9e pr\u00e9c\u00e9dente, en coh\u00e9rence avec l\u2019objectif national <a href=\"#_edn10\"><strong>[x]<\/strong><\/a>.<\/strong><\/p>\n\n\n\n<p class=\"has-luminous-vivid-amber-background-color has-background\"><br>Le p\u00e9rim\u00e8tre des activit\u00e9s prises en compte est celui de l\u2019outil GES1.5 du collectif Labos1point5, dont l\u2019usage pour \u00e9tablir le bilan annuel des laboratoires est <a href=\"https:\/\/www.cnrs.fr\/fr\/cnrsinfo\/developpement-durable-le-cnrs-veut-compter\">encourag\u00e9 par le CNRS<\/a>. Il inclut en particulier missions, d\u00e9placements domicile-travail et \u00e9nergies.<\/p>\n\n\n\n<p class=\"has-luminous-vivid-amber-background-color has-background\"><strong>Pour atteindre cet objectif, nous invitons la future Direction \u00e0 \u00e9laborer un \u00ab&nbsp;plan r\u00e9duction de notre empreinte environnementale&nbsp;\u00bb, en concertation avec le personnel et suscitant sa large adh\u00e9sion. Ce plan inclura objectifs, moyens allou\u00e9s, m\u00e9thodologie, indicateurs quantitatifs et actions envisag\u00e9es.<\/strong><\/p>\n\n\n\n<p class=\"has-luminous-vivid-amber-background-color has-background\"><br>Les \u00e9missions et pollutions indirectes et import\u00e9es seront aussi consid\u00e9r\u00e9es dans ce plan: \u00e9nergie grise des \u00e9quipements, consommables, consommation num\u00e9rique, ressources non renouvelables, transport\u2026<\/p>\n\n\n\n<p>Des membres du collectif <em>labo-en-transition<\/em> ont compil\u00e9 des listes de propositions concr\u00e8tes, incluant les obligations r\u00e9glementaires, des mesures adopt\u00e9es dans d\u2019autres laboratoires et des pistes identifi\u00e9es lors de r\u00e9flexions men\u00e9es dans les collectifs l<em>abo-en-transition,<\/em> <em>campusdapres-grenoble<\/em>.<em>org<\/em> et <em>labos1point5<\/em>. Nous serons bien entendu heureux de les pr\u00e9senter \u00e0 la future Direction et travailler avec elle \u00e0 cet objectif de r\u00e9duction.<\/p>\n\n\n\n<p class=\"has-light-green-cyan-background-color has-background\">RESULTAT DE LA CONSULTATION :<br><strong><em>Les membres de l\u2019Institut N\u00e9el du collectif labo-en-transition: &nbsp;&nbsp;&nbsp;&nbsp; 88% d\u2019avis favorables <a href=\"#_edn11\"><strong>[xi]<\/strong><\/a><br>Les non-permanents de l\u2019Institut N\u00e9el&nbsp;: &nbsp;&nbsp;&nbsp;&nbsp;&nbsp;&nbsp;&nbsp;&nbsp;&nbsp;&nbsp;&nbsp;&nbsp;&nbsp;&nbsp;&nbsp;&nbsp;&nbsp;&nbsp;&nbsp;&nbsp;&nbsp;&nbsp;&nbsp;&nbsp; &nbsp;&nbsp;&nbsp;&nbsp;&nbsp;&nbsp;&nbsp;&nbsp;&nbsp;&nbsp;&nbsp; &nbsp;&nbsp;&nbsp;&nbsp;&nbsp;88% d\u2019avis favorables <a href=\"#_edn12\"><strong>[xii]<\/strong><\/a> <\/em><\/strong><a href=\"#_edn13\"><strong><em><strong>[xiii]<\/strong><\/em><\/strong><\/a><\/p>\n\n\n\n<hr class=\"wp-block-separator\"\/>\n\n\n\n<p><a href=\"#_ednref1\">[i]<\/a> Pour une histoire des alertes lanc\u00e9es depuis les ann\u00e9es 1970 et des op\u00e9rations de d\u00e9sinformation organis\u00e9es depuis les ann\u00e9es 1980 par l\u2019industrie p\u00e9troli\u00e8re, voir par exemple&nbsp;: <em>Perdre la terre<\/em>, Nathaniel Rich 2019.<\/p>\n\n\n\n<p><a href=\"#_ednref2\">[ii]<\/a> <a href=\"https:\/\/www.ipcc.ch\/site\/assets\/uploads\/2018\/03\/WGIIAR5-IntegrationBrochure_fr-1.pdf\">GIEC, 2014 <em>\u00ab&nbsp;changements climatiques 2014 \u2013 Incidences, adaptation, et vuln\u00e9rabilit\u00e9&nbsp;\u00bb<\/em><\/a><em><\/em><\/p>\n\n\n\n<p><a href=\"#_ednref3\">[iii]<\/a> GIEC 2018 \u00ab\u00a0<a href=\"https:\/\/www.ipcc.ch\/site\/assets\/uploads\/2018\/03\/SREX-Chap3_FINAL-1.pdf\">Chap. 3 of Managing the Risks of Extreme Events and Disasters to Advance Climate Change Adaptation. A Special Report of Working Groups I and II of the Intergovernmental Panel on Climate Change.<\/a>\u00ab\u00a0<\/p>\n\n\n\n<p><a href=\"#_ednref4\">[iv]<\/a> Beaumont et al. (2011). <em>Impacts of climate change on the world&rsquo;s most exceptional ecoregions<\/em>. PNAS, 108(6), 2306\u20132311 ;&nbsp; Deutsch et al. (2008). <em>Impacts of climate warming on terrestrial ectotherms across latitude<\/em>. PNAS, 105(18), 6668\u20136672. ; <em>Where does biodiversity go from here? A grim business-as-usual forecast and a hopeful portfolio of partial solutions<\/em>, Ehrlich et al., PNAS August 12, 2008 105 (Supplement 1) 11579-11586<\/p>\n\n\n\n<p><a href=\"#_ednref5\">[v]<\/a> Voir par ex. Tuddenham et Robert \u00ab&nbsp;<em>Politique et r\u00e9glementation<\/em>&nbsp;\u00bb rapport Secten du Citepa (2020), p35-72.<\/p>\n\n\n\n<p><a href=\"#_ednref6\">[vi]<\/a> D\u2019apr\u00e8s l\u2018<em>inventaire national Secten<\/em> du CITEPA, les \u00e9missions de GES en France n&rsquo;ont d\u00e9cru que de 1% par an en moyenne entre 2015 et 2018. Pour des exemples de non-respect de ses propres engagements par l\u2019\u00e9tat, voir par exemple le \u00ab<em>&nbsp;m\u00e9moire compl\u00e9mentaire&nbsp;<\/em>\u00bb du 20 mai 2019 et <em>\u00ab&nbsp;l\u2019argumentaire du m\u00e9moire en r\u00e9plique du 3 septembre 2020<\/em>&nbsp;\u00bb du recours lanc\u00e9 par <a href=\"https:\/\/notreaffaireatous.org\/\">l\u2019Affaire du Si\u00e8cle<\/a> contre l\u2019Etat pour inaction climatique.<\/p>\n\n\n\n<p><a href=\"#_ednref7\">[vii]<\/a> \u00ab <em>\u2026la loi relative \u00e0 la transition \u00e9nerg\u00e9tique pour la croissance verte du 17 ao\u00fbt 2015. Un texte aux objectifs tr\u00e8s ambitieux, mais dont l\u2019application, pr\u00e8s de trois ans apr\u00e8s sa promulgation, souffre de retards dans tous les domaines.<\/em>&nbsp;\u00bb Avis rendu du Conseil \u00e9conomique, social et environnemental, le mercredi 28\/2\/2018.<\/p>\n\n\n\n<p><a href=\"#_ednref8\">[viii]<\/a> <em>Faire sa part ? Pouvoir et responsabilit\u00e9 des individus, des entreprises et de l&rsquo;\u00e9tat face \u00e0 l\u2019urgence climatique<\/em>, Dugast et Soyeux, 2019, Rapport de Carbone 4<\/p>\n\n\n\n<p><a href=\"#_ednref9\">[ix]<\/a> <a href=\"https:\/\/rogueesr.fr\/sondage-rogueesr\/\">Sondage collectif RogueESR<\/a>&nbsp; \u00ab&nbsp;<em>Il en ressort que 84% des [2500] r\u00e9pondants pensent que la crise \u00e9cologique et climatique doit entra\u00eener une modification des pratiques scientifiques ; 76% pensent que les pratiques actuelles induisent des d\u00e9placements trop nombreux et 81% estiment que la r\u00e9duction de l\u2019empreinte carbone des activit\u00e9s scientifiques doit devenir une priorit\u00e9 dans l\u2019\u00e9tablissement des politiques universitaires et de recherche.&nbsp;\u00bb<\/em><\/p>\n\n\n\n<p><a href=\"#_ednref10\">[x]<\/a> <strong>Objectif 2030<\/strong> Pour limiter \u00e0 +1.5\u00b0C le r\u00e9chauffement moyen en 2100, le GIEC estime n\u00e9cessaire une r\u00e9duction nette des \u00e9missions plan\u00e9taire de 45% d\u2019ici 2030 (par rapport \u00e0 2010, cf <a href=\"https:\/\/www.ipcc.ch\/site\/assets\/uploads\/sites\/2\/2019\/05\/SR15_Chapter2_Low_Res.pdf\">SR15<\/a> Ch2 2018, page 95). Ce chiffrage a \u00e9t\u00e9 d\u00e9clin\u00e9 en un objectif de -50% \u00e0 -60% d\u2019ici 2030 dans nos soci\u00e9t\u00e9s occidentales, tant \u00e0 l\u2019\u00e9chelle locale (par ex. 50% dans le plan <a href=\"https:\/\/www.grenoblealpesmetropole.fr\/463-plan-air-energie-climat.htm\"><em>Air-Energie-Climat<\/em> de la m\u00e9tropole grenobloise<\/a>) qu\u2019\u00e0 l\u2019\u00e9chelle europ\u00e9enne (60% vot\u00e9 par le Parlement europ\u00e9en en octobre 2020 pour la loi \u00ab<a href=\"https:\/\/ec.europa.eu\/clima\/policies\/eu-climate-action\/2030_ctp_en\"><em>loi europ\u00e9enne sur le climat<\/em>&nbsp;<\/a>\u00bb).Retenons donc l\u2019objectif national de -50%.Cet objectif national doit \u00eatre modul\u00e9 en fonction des secteurs activit\u00e9s. Par exemple, \u00e0 l\u2019horizon 2050, la <a href=\"https:\/\/www.bulletin-officiel.developpement-durable.gouv.fr\/notice?id=Bulletinofficiel-0031300&amp;pos=1&amp;reqId=c3dcc7e1-2cbd-4a98-9800-3c7e3753f2ce\"><em>Strat\u00e9gie Nationale Bas Carbone<\/em><\/a> planifie une r\u00e9duction des \u00e9missions d\u2019un facteur 2 dans l\u2019agriculture, d\u2019un facteur 9 dans l\u2019industrie manufacturi\u00e8re et d\u2019un facteur 20 dans le secteur r\u00e9sidentiel-tertiaire-commercial-institutionnel (Rapport d\u2019inventaire Secten CITEPA 2020, p.57). Le secteur de la recherche relevant de cette derni\u00e8re cat\u00e9gorie, il est donc appel\u00e9 \u00e0 fournir un effort plus important que les deux autres, ind\u00e9pendamment de toutes consid\u00e9ration d\u2019exemplarit\u00e9 que l\u2019on peut l\u00e9gitimement attendre des scientifiques sur ces questions.Nous retenons comme objectif de r\u00e9duction dans la Recherche le chiffre de -60% d\u2019ici 2030.<strong> \u00c9ch\u00e9ancier <\/strong>R\u00e9duire nos \u00e9missions deviendra de plus en plus difficile au fil des ann\u00e9es, les marges de man\u0153uvre s\u2019amenuisant une fois que les premi\u00e8res actions auront \u00e9t\u00e9 mise en \u0153uvre. Supposer un facteur de r\u00e9duction moindre de 1\/3 pendant les 4 derni\u00e8res ann\u00e9es, ou de <em>2\/3<\/em> pendant les <em>2<\/em> derni\u00e8res ann\u00e9es revient \u00e0 concentrer la r\u00e9duction sur un peu moins de 9 ann\u00e9es au lieu de 10. <strong>Bilan<\/strong> On aboutit ainsi \u00e0 l\u2019objectif annuel de r\u00e9duction d\u2019\u00e9mission de GES de 10%, soit 34% de r\u00e9duction durant la mandature 2021-2024. Alternativement, on aboutit au m\u00eame objectif de la r\u00e9duction (10%\/an) en r\u00e9partissant uniform\u00e9ment la contraction d\u2019un facteur 20 demand\u00e9 \u00e0 notre secteur d\u2019activit\u00e9 d\u2019ici 2050.<\/p>\n\n\n\n<p><a href=\"#_ednref11\">[xi]<\/a> Consultation anonyme men\u00e9e durant la semaine #42 (2020) aupr\u00e8s des membres du collectif labo-en-transition rattach\u00e9s \u00e0 l\u2019Institut N\u00e9el et n\u2019appartenant pas \u00e0 la future direction. 57 votants (50 oui, 3 non et 4 sans avis)<\/p>\n\n\n\n<p><a href=\"#_ednref12\">[xii]<\/a> Consultation anonyme men\u00e9e durant la semaine #42 (2020) aupr\u00e8s des membres non-permanents de l\u2019Institut N\u00e9el. 42 votants (37 oui, 4 non et 1 sans avis).<\/p>\n\n\n\n<p><a href=\"#_ednref13\">[xiii]<\/a> <em>Le r\u00e9dacteur de ce document (Philippe-e R.) remercie chaleureusement la trentaine de relecteurs, et tout particulierement Olivier G-L, Bernard H., Eric W., Jean-Christian A.., Odile B., Laurent S., Xavier B., Franck D., Florence M., Maurine M. et Guillaume M.<\/em><\/p>\n","protected":false},"excerpt":{"rendered":"<p>En 2019, une demande a \u00e9t\u00e9 transmise \u00e0 la future direction de l&rsquo;Institut N\u00e9el d&rsquo;\u00e9laborer un plan de d\u00e9carbonation du laboratoire permettant de r\u00e9duire de -10% par an nos \u00e9missions de gaz \u00e0 effet de serre. Cette demande s&rsquo;appuie sur une double consultation de personnels de l&rsquo;Institut N\u00e9el : l&rsquo;une par le collectif et l&rsquo;autre &hellip; <\/p>\n<p class=\"link-more\"><a href=\"https:\/\/transition.neel.cnrs.fr\/index.php\/demande-dengagement-a-la-future-direction-du-laboratoire\/\" class=\"more-link\">Continuer la lecture<span class=\"screen-reader-text\"> de &laquo;&nbsp;Demande d&rsquo;\u00e9laboration d&rsquo;un plan de d\u00e9carbonation pour le laboratoire&nbsp;&raquo;<\/span><\/a><\/p>\n","protected":false},"author":3,"featured_media":0,"parent":0,"menu_order":0,"comment_status":"closed","ping_status":"closed","template":"","meta":[],"_links":{"self":[{"href":"https:\/\/transition.neel.cnrs.fr\/index.php\/wp-json\/wp\/v2\/pages\/965"}],"collection":[{"href":"https:\/\/transition.neel.cnrs.fr\/index.php\/wp-json\/wp\/v2\/pages"}],"about":[{"href":"https:\/\/transition.neel.cnrs.fr\/index.php\/wp-json\/wp\/v2\/types\/page"}],"author":[{"embeddable":true,"href":"https:\/\/transition.neel.cnrs.fr\/index.php\/wp-json\/wp\/v2\/users\/3"}],"replies":[{"embeddable":true,"href":"https:\/\/transition.neel.cnrs.fr\/index.php\/wp-json\/wp\/v2\/comments?post=965"}],"version-history":[{"count":17,"href":"https:\/\/transition.neel.cnrs.fr\/index.php\/wp-json\/wp\/v2\/pages\/965\/revisions"}],"predecessor-version":[{"id":1084,"href":"https:\/\/transition.neel.cnrs.fr\/index.php\/wp-json\/wp\/v2\/pages\/965\/revisions\/1084"}],"wp:attachment":[{"href":"https:\/\/transition.neel.cnrs.fr\/index.php\/wp-json\/wp\/v2\/media?parent=965"}],"curies":[{"name":"wp","href":"https:\/\/api.w.org\/{rel}","templated":true}]}}