{"id":655,"date":"2021-05-27T10:50:09","date_gmt":"2021-05-27T10:50:09","guid":{"rendered":"https:\/\/transition.neel.cnrs.fr\/?page_id=655"},"modified":"2022-02-06T16:05:07","modified_gmt":"2022-02-06T14:05:07","slug":"fiche-velo","status":"publish","type":"page","link":"https:\/\/transition.neel.cnrs.fr\/index.php\/fiche-velo\/","title":{"rendered":"Entretenir son v\u00e9lo"},"content":{"rendered":"\n<figure class=\"wp-block-image size-large is-style-default\"><img loading=\"lazy\" width=\"1024\" height=\"703\" src=\"https:\/\/transition.neel.cnrs.fr\/wp-content\/uploads\/2022\/02\/ActionVelo_Labo-en-transition-1024x703.jpg\" alt=\"\" class=\"wp-image-1003\" srcset=\"https:\/\/transition.neel.cnrs.fr\/wp-content\/uploads\/2022\/02\/ActionVelo_Labo-en-transition-1024x703.jpg 1024w, https:\/\/transition.neel.cnrs.fr\/wp-content\/uploads\/2022\/02\/ActionVelo_Labo-en-transition-300x206.jpg 300w, https:\/\/transition.neel.cnrs.fr\/wp-content\/uploads\/2022\/02\/ActionVelo_Labo-en-transition-768x527.jpg 768w, https:\/\/transition.neel.cnrs.fr\/wp-content\/uploads\/2022\/02\/ActionVelo_Labo-en-transition-1536x1054.jpg 1536w, https:\/\/transition.neel.cnrs.fr\/wp-content\/uploads\/2022\/02\/ActionVelo_Labo-en-transition.jpg 1606w\" sizes=\"(max-width: 706px) 89vw, (max-width: 767px) 82vw, 740px\" \/><\/figure>\n\n\n\n<p>Voici quelques fiches pratiques pour vous guider dans vos r\u00e9parations:<\/p>\n\n\n\n<div class=\"wp-block-file\"><a href=\"https:\/\/transition.neel.cnrs.fr\/wp-content\/uploads\/2021\/05\/Velo_vueEclatee-red-1024x724.jpg\">V\u00e9lo en vue \u00e9clat\u00e9e<\/a><a href=\"https:\/\/transition.neel.cnrs.fr\/wp-content\/uploads\/2021\/05\/Velo_vueEclatee-red-1024x724.jpg\" class=\"wp-block-file__button\" download>T\u00e9l\u00e9charger<\/a><\/div>\n\n\n\n<div class=\"wp-block-file\"><a href=\"https:\/\/transition.neel.cnrs.fr\/wp-content\/uploads\/2021\/05\/Fiche_pe\u0301dagogique_moyeu-red-723x1024.jpg\">Ajuster un roulement de moyeu<\/a><a href=\"https:\/\/transition.neel.cnrs.fr\/wp-content\/uploads\/2021\/05\/Fiche_pe\u0301dagogique_moyeu-red-723x1024.jpg\" class=\"wp-block-file__button\" download>T\u00e9l\u00e9charger<\/a><\/div>\n\n\n\n<div class=\"wp-block-file\"><a href=\"https:\/\/transition.neel.cnrs.fr\/wp-content\/uploads\/2021\/05\/Entretien_pedalier_direction-red-scaled.jpg\">Entretenir le p\u00e9dalier et la direction<\/a><a href=\"https:\/\/transition.neel.cnrs.fr\/wp-content\/uploads\/2021\/05\/Entretien_pedalier_direction-red-scaled.jpg\" class=\"wp-block-file__button\" download>T\u00e9l\u00e9charger<\/a><\/div>\n\n\n\n<div class=\"wp-block-file\"><a href=\"https:\/\/transition.neel.cnrs.fr\/wp-content\/uploads\/2021\/05\/Freins_syste\u0300mes_ca\u0302ble-red-scaled.jpg\">Les diff\u00e9rents types de freins \u00e0 c\u00e2bles<\/a><a href=\"https:\/\/transition.neel.cnrs.fr\/wp-content\/uploads\/2021\/05\/Freins_syste\u0300mes_ca\u0302ble-red-scaled.jpg\" class=\"wp-block-file__button\" download>T\u00e9l\u00e9charger<\/a><\/div>\n\n\n\n<div class=\"wp-block-file\"><a href=\"https:\/\/transition.neel.cnrs.fr\/wp-content\/uploads\/2021\/05\/Reglage_Freins-red-scaled.jpg\">R\u00e9gler les freins<\/a><a href=\"https:\/\/transition.neel.cnrs.fr\/wp-content\/uploads\/2021\/05\/Reglage_Freins-red-scaled.jpg\" class=\"wp-block-file__button\" download>T\u00e9l\u00e9charger<\/a><\/div>\n\n\n\n<div class=\"wp-block-file\"><a href=\"https:\/\/transition.neel.cnrs.fr\/wp-content\/uploads\/2021\/05\/Reparation_crevaison-red-scaled.jpg\">R\u00e9parer une crevaison<\/a><a href=\"https:\/\/transition.neel.cnrs.fr\/wp-content\/uploads\/2021\/05\/Reparation_crevaison-red-scaled.jpg\" class=\"wp-block-file__button\" download>T\u00e9l\u00e9charger<\/a><\/div>\n\n\n\n<div class=\"wp-block-file\"><a href=\"https:\/\/transition.neel.cnrs.fr\/wp-content\/uploads\/2021\/05\/Devoilage_roue-red-scaled.jpg\">D\u00e9voiler une roue<\/a><a href=\"https:\/\/transition.neel.cnrs.fr\/wp-content\/uploads\/2021\/05\/Devoilage_roue-red-scaled.jpg\" class=\"wp-block-file__button\" download>T\u00e9l\u00e9charger<\/a><\/div>\n\n\n\n<div class=\"wp-container-1 wp-block-group\"><div class=\"wp-block-group__inner-container\">\n<div class=\"wp-block-columns\">\n<div class=\"wp-block-column is-vertically-aligned-top\" style=\"flex-basis:100%\">\n<div class=\"wp-block-file\"><a href=\"https:\/\/transition.neel.cnrs.fr\/wp-content\/uploads\/2021\/05\/Entretien_dynamo-red-scaled.jpg\">Entretenir une dynamo<\/a><a href=\"https:\/\/transition.neel.cnrs.fr\/wp-content\/uploads\/2021\/05\/Entretien_dynamo-red-scaled.jpg\" class=\"wp-block-file__button\" download>T\u00e9l\u00e9charger<\/a><\/div>\n<\/div>\n<\/div>\n<\/div><\/div>\n\n\n\n<p class=\"wp-block-pdfemb-pdf-embedder-viewer\"><\/p>\n\n\n\n<p><\/p>\n","protected":false},"excerpt":{"rendered":"<p>Voici quelques fiches pratiques pour vous guider dans vos r\u00e9parations:<\/p>\n","protected":false},"author":7,"featured_media":0,"parent":0,"menu_order":0,"comment_status":"closed","ping_status":"closed","template":"","meta":[],"_links":{"self":[{"href":"https:\/\/transition.neel.cnrs.fr\/index.php\/wp-json\/wp\/v2\/pages\/655"}],"collection":[{"href":"https:\/\/transition.neel.cnrs.fr\/index.php\/wp-json\/wp\/v2\/pages"}],"about":[{"href":"https:\/\/transition.neel.cnrs.fr\/index.php\/wp-json\/wp\/v2\/types\/page"}],"author":[{"embeddable":true,"href":"https:\/\/transition.neel.cnrs.fr\/index.php\/wp-json\/wp\/v2\/users\/7"}],"replies":[{"embeddable":true,"href":"https:\/\/transition.neel.cnrs.fr\/index.php\/wp-json\/wp\/v2\/comments?post=655"}],"version-history":[{"count":23,"href":"https:\/\/transition.neel.cnrs.fr\/index.php\/wp-json\/wp\/v2\/pages\/655\/revisions"}],"predecessor-version":[{"id":1004,"href":"https:\/\/transition.neel.cnrs.fr\/index.php\/wp-json\/wp\/v2\/pages\/655\/revisions\/1004"}],"wp:attachment":[{"href":"https:\/\/transition.neel.cnrs.fr\/index.php\/wp-json\/wp\/v2\/media?parent=655"}],"curies":[{"name":"wp","href":"https:\/\/api.w.org\/{rel}","templated":true}]}}